{"id":826,"date":"2022-01-24T10:43:21","date_gmt":"2022-01-24T13:43:21","guid":{"rendered":"https:\/\/loja.tododiaumrock.com.br\/?post_type=product&#038;p=826"},"modified":"2022-01-24T10:44:59","modified_gmt":"2022-01-24T13:44:59","slug":"camiseta-homem-aranha-tom","status":"publish","type":"product","link":"https:\/\/loja.tododiaumrock.com.br\/index.php\/produto\/camiseta-homem-aranha-tom\/","title":{"rendered":"Camiseta &#8211; Homem Aranha &#8211; Tom"},"content":{"rendered":"","protected":false},"excerpt":{"rendered":"<p>A camiseta Homem Aranha Versos \u00e9 a estampa pra quem \u00e9 f\u00e3 do corajoso Homem Aranha. Use e colecione! Na Todo Dia Um Rock prezamos por qualidade, diversidade e conforto. A T-Shirt cl\u00e1ssica foi confeccionada em 100% algod\u00e3o, conta com estilo aut\u00eantico, feita pelos nossos designers para vestir seu lado f\u00e3!<\/p>\n","protected":false},"featured_media":812,"comment_status":"open","ping_status":"closed","template":"","meta":{"om_disable_all_campaigns":false,"_monsterinsights_skip_tracking":false,"_monsterinsights_sitenote_active":false,"_monsterinsights_sitenote_note":"","_monsterinsights_sitenote_category":0},"product_cat":[19,71],"product_tag":[103,125],"aioseo_notices":[],"_links":{"self":[{"href":"https:\/\/loja.tododiaumrock.com.br\/index.php\/wp-json\/wp\/v2\/product\/826"}],"collection":[{"href":"https:\/\/loja.tododiaumrock.com.br\/index.php\/wp-json\/wp\/v2\/product"}],"about":[{"href":"https:\/\/loja.tododiaumrock.com.br\/index.php\/wp-json\/wp\/v2\/types\/product"}],"replies":[{"embeddable":true,"href":"https:\/\/loja.tododiaumrock.com.br\/index.php\/wp-json\/wp\/v2\/comments?post=826"}],"wp:featuredmedia":[{"embeddable":true,"href":"https:\/\/loja.tododiaumrock.com.br\/index.php\/wp-json\/wp\/v2\/media\/812"}],"wp:attachment":[{"href":"https:\/\/loja.tododiaumrock.com.br\/index.php\/wp-json\/wp\/v2\/media?parent=826"}],"wp:term":[{"taxonomy":"product_cat","embeddable":true,"href":"https:\/\/loja.tododiaumrock.com.br\/index.php\/wp-json\/wp\/v2\/product_cat?post=826"},{"taxonomy":"product_tag","embeddable":true,"href":"https:\/\/loja.tododiaumrock.com.br\/index.php\/wp-json\/wp\/v2\/product_tag?post=826"}],"curies":[{"name":"wp","href":"https:\/\/api.w.org\/{rel}","templated":true}]}}